{"id":22204,"date":"2021-12-16T12:02:13","date_gmt":"2021-12-16T11:02:13","guid":{"rendered":"http:\/\/capsicumclubannum.com\/public\/?page_id=22204"},"modified":"2023-02-22T12:38:07","modified_gmt":"2023-02-22T11:38:07","slug":"eventi","status":"publish","type":"page","link":"https:\/\/www.capsicumclubannum.com\/public\/eventi\/","title":{"rendered":"Eventi"},"content":{"rendered":"<section data-vc-full-width=\"true\" data-vc-full-width-init=\"false\" class=\"vc_row wpb_row vc_row-fluid  vc_custom_1676902834648 cover-background wow fadeIn vc_row-has-fill pofo-stretch-content pofo-stretch-row-container vc_row-o-full-height vc_row-o-columns-middle vc_row-o-content-middle vc_row-flex pofo-row-responsive-69e3acd6a8d0f\"><div class=\"bg-extra-dark-gray bg-overlay\" style=\"opacity:0.3; background-color:#000000; \"><\/div><div class=\"wpb_column vc_column_container vc_col-sm-1 vc_col-lg-2 vc_col-md-1 vc_hidden-xs col-xs-mobile-fullwidth\"><div class=\"vc_column-inner \"><div class=\"wpb_wrapper\"><\/div><\/div><\/div><div class=\"wpb_column vc_column_container vc_col-has-fill vc_col-sm-10 vc_col-lg-8 vc_col-md-10 vc_col-xs-12 text-center\"><div class=\"vc_column-inner vc_custom_1676903225604\"><div class=\"wpb_wrapper\"><span class=\"margin-100px-bottom xs-margin-40px-bottom font-weight-600 xs-letter-spacing-0 display-inline-block alt-font text-extra-small text-outside-line text-uppercase heading-style5  vc_custom_1639480377582 pofo-button-responsive-69e3acd6a8db5  heading-1\"  style=\"letter-spacing: 3px; font-weight: 500; color: #ffffff;\">club del peperoncino<\/span><div class=\"separator-line-horrizontal-full bg-extra-light-gray center-col pofo-separator  vc_custom_1639480434289\" style=\"background-color:rgba(0,0,0,0);\"><\/div><h2 class=\"text-extra-dark-gray margin-20px-bottom font-weight-600 display-inline-block alt-font heading-style2  vc_custom_1651066772277 pofo-button-responsive-69e3acd6a8dde  heading-2\"  style=\"color: #ffffff;\">Eventi<\/h2>[vc_raw_html]JTNDc2NyaXB0JTIwc3JjJTNEJTIyaHR0cHMlM0ElMkYlMkZ1bnBrZy5jb20lMkYlNDBsb3R0aWVmaWxlcyUyRmxvdHRpZS1wbGF5ZXIlNDBsYXRlc3QlMkZkaXN0JTJGbG90dGllLXBsYXllci5qcyUyMiUzRSUzQyUyRnNjcmlwdCUzRSUwQSUzQ2RpdiUyMGNsYXNzJTNEJTIybG90LWFuaW0lMjIlMjBzdHlsZSUzRCUyMnRleHQtYWxpZ24lM0FjZW50ZXIlM0IlMjIlM0UlMEElM0Nsb3R0aWUtcGxheWVyJTIwc3JjJTNEJTIyaHR0cHMlM0ElMkYlMkZhc3NldHMzLmxvdHRpZWZpbGVzLmNvbSUyRnBhY2thZ2VzJTJGbGYyMF9INkxBRTQuanNvbiUyMiUyMCUyMGJhY2tncm91bmQlM0QlMjJ0cmFuc3BhcmVudCUyMiUyMCUyMHNwZWVkJTNEJTIyMSUyMiUyMCUyMHN0eWxlJTNEJTIyd2lkdGglM0ElMjAzMDBweCUzQiUyMGhlaWdodCUzQSUyMDMwMHB4JTNCJTIyJTIwJTIwbG9vcCUyMCUyMGF1dG9wbGF5JTNFJTNDJTJGbG90dGllLXBsYXllciUzRSUwQSUzQyUyRmRpdiUzRQ==[\/vc_raw_html]<\/div><\/div><\/div><div class=\"wpb_column vc_column_container vc_col-sm-1 vc_col-lg-2 vc_col-md-1 vc_hidden-xs col-xs-mobile-fullwidth\"><div class=\"vc_column-inner \"><div class=\"wpb_wrapper\"><\/div><\/div><\/div><\/section><div class=\"vc_row-full-width vc_clearfix\"><\/div><section class=\"vc_row wpb_row vc_row-fluid\"><div class=\"wpb_column vc_column_container vc_col-sm-12  col-xs-mobile-fullwidth\"><div class=\"vc_column-inner \"><div class=\"wpb_wrapper\"><div class=\"vc_row wpb_row vc_inner vc_row-fluid\"><div class=\"wpb_column vc_column_container vc_col-sm-12  col-xs-mobile-fullwidth\"><div class=\"vc_column-inner \"><div class=\"wpb_wrapper\"><div class=\"last-paragraph-no-margin\"><p style=\"font-size: 18px; text-align: center;\">Il club italiano del peperoncino Capsicumannum organizza eventi dedicati a tutti gli appassionati del re degli ingredienti dal sapore piccante. Tra le attivit\u00e0 proposte ci sono serate di degustazione, concorsi di cucina a base di peperoncino, gare di resistenza a peperoncini sempre pi\u00f9 piccanti e molto altro. Le attivit\u00e0 del club offrono l&#8217;opportunit\u00e0 d i socializzare, scoprire nuove ricette e mettere alla prova il proprio palato.<\/p>\n<\/div>[vc_raw_html]JTNDYnIlM0UlM0NiciUzRQ==[\/vc_raw_html]<\/div><\/div><\/div><\/div><div class=\" vc_custom_1639652588878 last-paragraph-no-margin\"><div id=\"mec_skin_22203\" class=\"mec-wrap colorskin-custom  \">\r\n\r\n    \r\n    <div class=\"mec-calendar mec-box-calendar\">\r\n        <div class=\"mec-calendar-topsec\">        <div class=\"mec-calendar-side mec-clear\">\r\n                        <div class=\"mec-skin-monthly-view-month-navigator-container\">\r\n                <div class=\"mec-month-navigator\" id=\"mec_month_navigator_22203_202604\"><div class=\"mec-previous-month mec-load-month mec-previous-month\" data-mec-year=\"2026\" data-mec-month=\"03\"><a href=\"#\" class=\"mec-load-month-link\"><i class=\"mec-sl-angle-left\"><\/i> Marzo<\/a><\/div><div class=\"mec-calendar-header\"><h2>Aprile 2026<\/h2><\/div><div class=\"mec-next-month mec-load-month mec-next-month\" data-mec-year=\"2026\" data-mec-month=\"05\"><a href=\"#\" class=\"mec-load-month-link\">Maggio <i class=\"mec-sl-angle-right\"><\/i><\/a><\/div><\/div>\r\n            <\/div>\r\n            \r\n            <div class=\"mec-calendar-table\" id=\"mec_skin_events_22203\">\r\n                <div class=\"mec-month-container mec-month-container-selected\" id=\"mec_monthly_view_month_22203_202604\" data-month-id=\"202604\"><dl class=\"mec-calendar-table-head\"><dt class=\"mec-calendar-day-head\">L<\/dt><dt class=\"mec-calendar-day-head\">M<\/dt><dt class=\"mec-calendar-day-head\">M<\/dt><dt class=\"mec-calendar-day-head\">G<\/dt><dt class=\"mec-calendar-day-head\">V<\/dt><dt class=\"mec-calendar-day-head\">S<\/dt><dt class=\"mec-calendar-day-head\">D<\/dt><\/dl><dl class=\"mec-calendar-row\">\r\n    <dt class=\"mec-table-nullday\">30<\/dt><dt class=\"mec-table-nullday\">31<\/dt><dt class=\"mec-calendar-day \" data-mec-cell=\"20260401\" data-day=\"1\" data-month=\"202604\">1<\/dt><\/dt><dt class=\"mec-calendar-day \" data-mec-cell=\"20260402\" data-day=\"2\" data-month=\"202604\">2<\/dt><\/dt><dt class=\"mec-calendar-day \" data-mec-cell=\"20260403\" data-day=\"3\" data-month=\"202604\">3<\/dt><\/dt><dt class=\"mec-calendar-day \" data-mec-cell=\"20260404\" data-day=\"4\" data-month=\"202604\">4<\/dt><\/dt><dt class=\"mec-calendar-day \" data-mec-cell=\"20260405\" data-day=\"5\" data-month=\"202604\">5<\/dt><\/dt><\/dl><dl class=\"mec-calendar-row\"><dt class=\"mec-calendar-day \" data-mec-cell=\"20260406\" data-day=\"6\" data-month=\"202604\">6<\/dt><\/dt><dt class=\"mec-calendar-day \" data-mec-cell=\"20260407\" data-day=\"7\" data-month=\"202604\">7<\/dt><\/dt><dt class=\"mec-calendar-day \" data-mec-cell=\"20260408\" data-day=\"8\" data-month=\"202604\">8<\/dt><\/dt><dt class=\"mec-calendar-day \" data-mec-cell=\"20260409\" data-day=\"9\" data-month=\"202604\">9<\/dt><\/dt><dt class=\"mec-calendar-day \" data-mec-cell=\"20260410\" data-day=\"10\" data-month=\"202604\">10<\/dt><\/dt><dt class=\"mec-calendar-day \" data-mec-cell=\"20260411\" data-day=\"11\" data-month=\"202604\">11<\/dt><\/dt><dt class=\"mec-calendar-day \" data-mec-cell=\"20260412\" data-day=\"12\" data-month=\"202604\">12<\/dt><\/dt><\/dl><dl class=\"mec-calendar-row\"><dt class=\"mec-calendar-day \" data-mec-cell=\"20260413\" data-day=\"13\" data-month=\"202604\">13<\/dt><\/dt><dt class=\"mec-calendar-day \" data-mec-cell=\"20260414\" data-day=\"14\" data-month=\"202604\">14<\/dt><\/dt><dt class=\"mec-calendar-day \" data-mec-cell=\"20260415\" data-day=\"15\" data-month=\"202604\">15<\/dt><\/dt><dt class=\"mec-calendar-day \" data-mec-cell=\"20260416\" data-day=\"16\" data-month=\"202604\">16<\/dt><\/dt><dt class=\"mec-calendar-day \" data-mec-cell=\"20260417\" data-day=\"17\" data-month=\"202604\">17<\/dt><\/dt><dt class=\"mec-calendar-day  mec-selected-day\" data-mec-cell=\"20260418\" data-day=\"18\" data-month=\"202604\">18<\/dt><\/dt><dt class=\"mec-calendar-day \" data-mec-cell=\"20260419\" data-day=\"19\" data-month=\"202604\">19<\/dt><\/dt><\/dl><dl class=\"mec-calendar-row\"><dt class=\"mec-calendar-day \" data-mec-cell=\"20260420\" data-day=\"20\" data-month=\"202604\">20<\/dt><\/dt><dt class=\"mec-calendar-day \" data-mec-cell=\"20260421\" data-day=\"21\" data-month=\"202604\">21<\/dt><\/dt><dt class=\"mec-calendar-day \" data-mec-cell=\"20260422\" data-day=\"22\" data-month=\"202604\">22<\/dt><\/dt><dt class=\"mec-calendar-day \" data-mec-cell=\"20260423\" data-day=\"23\" data-month=\"202604\">23<\/dt><\/dt><dt class=\"mec-calendar-day \" data-mec-cell=\"20260424\" data-day=\"24\" data-month=\"202604\">24<\/dt><\/dt><dt class=\"mec-calendar-day \" data-mec-cell=\"20260425\" data-day=\"25\" data-month=\"202604\">25<\/dt><\/dt><dt class=\"mec-calendar-day \" data-mec-cell=\"20260426\" data-day=\"26\" data-month=\"202604\">26<\/dt><\/dt><\/dl><dl class=\"mec-calendar-row\"><dt class=\"mec-calendar-day \" data-mec-cell=\"20260427\" data-day=\"27\" data-month=\"202604\">27<\/dt><\/dt><dt class=\"mec-calendar-day \" data-mec-cell=\"20260428\" data-day=\"28\" data-month=\"202604\">28<\/dt><\/dt><dt class=\"mec-calendar-day \" data-mec-cell=\"20260429\" data-day=\"29\" data-month=\"202604\">29<\/dt><\/dt><dt class=\"mec-calendar-day \" data-mec-cell=\"20260430\" data-day=\"30\" data-month=\"202604\">30<\/dt><\/dt><dt class=\"mec-table-nullday\">1<\/dt><dt class=\"mec-table-nullday\">2<\/dt><dt class=\"mec-table-nullday\">3<\/dt><\/dl>\r\n<\/div>\r\n            <\/div>\r\n\r\n                    <\/div>\r\n        <div class=\"mec-calendar-events-side mec-clear\"><div class=\"mec-month-side\" id=\"mec_month_side_22203_202604\"><div class=\"mec-calendar-events-sec\" id=\"mec-calendar-events-sec-22203-20260401\" data-mec-cell=\"20260401\"><h6 class=\"mec-table-side-title\">Events for <span class=\"mec-color mec-table-side-day\"> 1st<\/span> Aprile<\/h6><article class=\"mec-event-article\"><div class=\"mec-event-detail\">Nessun evento<\/div><\/article><\/div><div class=\"mec-calendar-events-sec\" id=\"mec-calendar-events-sec-22203-20260402\" data-mec-cell=\"20260402\"><h6 class=\"mec-table-side-title\">Events for <span class=\"mec-color mec-table-side-day\"> 2nd<\/span> Aprile<\/h6><article class=\"mec-event-article\"><div class=\"mec-event-detail\">Nessun evento<\/div><\/article><\/div><div class=\"mec-calendar-events-sec\" id=\"mec-calendar-events-sec-22203-20260403\" data-mec-cell=\"20260403\"><h6 class=\"mec-table-side-title\">Events for <span class=\"mec-color mec-table-side-day\"> 3rd<\/span> Aprile<\/h6><article class=\"mec-event-article\"><div class=\"mec-event-detail\">Nessun evento<\/div><\/article><\/div><div class=\"mec-calendar-events-sec\" id=\"mec-calendar-events-sec-22203-20260404\" data-mec-cell=\"20260404\"><h6 class=\"mec-table-side-title\">Events for <span class=\"mec-color mec-table-side-day\"> 4th<\/span> Aprile<\/h6><article class=\"mec-event-article\"><div class=\"mec-event-detail\">Nessun evento<\/div><\/article><\/div><div class=\"mec-calendar-events-sec\" id=\"mec-calendar-events-sec-22203-20260405\" data-mec-cell=\"20260405\"><h6 class=\"mec-table-side-title\">Events for <span class=\"mec-color mec-table-side-day\"> 5th<\/span> Aprile<\/h6><article class=\"mec-event-article\"><div class=\"mec-event-detail\">Nessun evento<\/div><\/article><\/div><div class=\"mec-calendar-events-sec\" id=\"mec-calendar-events-sec-22203-20260406\" data-mec-cell=\"20260406\"><h6 class=\"mec-table-side-title\">Events for <span class=\"mec-color mec-table-side-day\"> 6th<\/span> Aprile<\/h6><article class=\"mec-event-article\"><div class=\"mec-event-detail\">Nessun evento<\/div><\/article><\/div><div class=\"mec-calendar-events-sec\" id=\"mec-calendar-events-sec-22203-20260407\" data-mec-cell=\"20260407\"><h6 class=\"mec-table-side-title\">Events for <span class=\"mec-color mec-table-side-day\"> 7th<\/span> Aprile<\/h6><article class=\"mec-event-article\"><div class=\"mec-event-detail\">Nessun evento<\/div><\/article><\/div><div class=\"mec-calendar-events-sec\" id=\"mec-calendar-events-sec-22203-20260408\" data-mec-cell=\"20260408\"><h6 class=\"mec-table-side-title\">Events for <span class=\"mec-color mec-table-side-day\"> 8th<\/span> Aprile<\/h6><article class=\"mec-event-article\"><div class=\"mec-event-detail\">Nessun evento<\/div><\/article><\/div><div class=\"mec-calendar-events-sec\" id=\"mec-calendar-events-sec-22203-20260409\" data-mec-cell=\"20260409\"><h6 class=\"mec-table-side-title\">Events for <span class=\"mec-color mec-table-side-day\"> 9th<\/span> Aprile<\/h6><article class=\"mec-event-article\"><div class=\"mec-event-detail\">Nessun evento<\/div><\/article><\/div><div class=\"mec-calendar-events-sec\" id=\"mec-calendar-events-sec-22203-20260410\" data-mec-cell=\"20260410\"><h6 class=\"mec-table-side-title\">Events for <span class=\"mec-color mec-table-side-day\"> 10th<\/span> Aprile<\/h6><article class=\"mec-event-article\"><div class=\"mec-event-detail\">Nessun evento<\/div><\/article><\/div><div class=\"mec-calendar-events-sec\" id=\"mec-calendar-events-sec-22203-20260411\" data-mec-cell=\"20260411\"><h6 class=\"mec-table-side-title\">Events for <span class=\"mec-color mec-table-side-day\"> 11th<\/span> Aprile<\/h6><article class=\"mec-event-article\"><div class=\"mec-event-detail\">Nessun evento<\/div><\/article><\/div><div class=\"mec-calendar-events-sec\" id=\"mec-calendar-events-sec-22203-20260412\" data-mec-cell=\"20260412\"><h6 class=\"mec-table-side-title\">Events for <span class=\"mec-color mec-table-side-day\"> 12th<\/span> Aprile<\/h6><article class=\"mec-event-article\"><div class=\"mec-event-detail\">Nessun evento<\/div><\/article><\/div><div class=\"mec-calendar-events-sec\" id=\"mec-calendar-events-sec-22203-20260413\" data-mec-cell=\"20260413\"><h6 class=\"mec-table-side-title\">Events for <span class=\"mec-color mec-table-side-day\"> 13th<\/span> Aprile<\/h6><article class=\"mec-event-article\"><div class=\"mec-event-detail\">Nessun evento<\/div><\/article><\/div><div class=\"mec-calendar-events-sec\" id=\"mec-calendar-events-sec-22203-20260414\" data-mec-cell=\"20260414\"><h6 class=\"mec-table-side-title\">Events for <span class=\"mec-color mec-table-side-day\"> 14th<\/span> Aprile<\/h6><article class=\"mec-event-article\"><div class=\"mec-event-detail\">Nessun evento<\/div><\/article><\/div><div class=\"mec-calendar-events-sec\" id=\"mec-calendar-events-sec-22203-20260415\" data-mec-cell=\"20260415\"><h6 class=\"mec-table-side-title\">Events for <span class=\"mec-color mec-table-side-day\"> 15th<\/span> Aprile<\/h6><article class=\"mec-event-article\"><div class=\"mec-event-detail\">Nessun evento<\/div><\/article><\/div><div class=\"mec-calendar-events-sec\" id=\"mec-calendar-events-sec-22203-20260416\" data-mec-cell=\"20260416\"><h6 class=\"mec-table-side-title\">Events for <span class=\"mec-color mec-table-side-day\"> 16th<\/span> Aprile<\/h6><article class=\"mec-event-article\"><div class=\"mec-event-detail\">Nessun evento<\/div><\/article><\/div><div class=\"mec-calendar-events-sec\" id=\"mec-calendar-events-sec-22203-20260417\" data-mec-cell=\"20260417\"><h6 class=\"mec-table-side-title\">Events for <span class=\"mec-color mec-table-side-day\"> 17th<\/span> Aprile<\/h6><article class=\"mec-event-article\"><div class=\"mec-event-detail\">Nessun evento<\/div><\/article><\/div><div class=\"mec-calendar-events-sec\" id=\"mec-calendar-events-sec-22203-20260418\" data-mec-cell=\"20260418\" style=\"display: block\"><h6 class=\"mec-table-side-title\">Events for <span class=\"mec-color mec-table-side-day\"> 18th<\/span> Aprile<\/h6><article class=\"mec-event-article\"><div class=\"mec-event-detail\">Nessun evento<\/div><\/article><\/div><div class=\"mec-calendar-events-sec\" id=\"mec-calendar-events-sec-22203-20260419\" data-mec-cell=\"20260419\"><h6 class=\"mec-table-side-title\">Events for <span class=\"mec-color mec-table-side-day\"> 19th<\/span> Aprile<\/h6><article class=\"mec-event-article\"><div class=\"mec-event-detail\">Nessun evento<\/div><\/article><\/div><div class=\"mec-calendar-events-sec\" id=\"mec-calendar-events-sec-22203-20260420\" data-mec-cell=\"20260420\"><h6 class=\"mec-table-side-title\">Events for <span class=\"mec-color mec-table-side-day\"> 20th<\/span> Aprile<\/h6><article class=\"mec-event-article\"><div class=\"mec-event-detail\">Nessun evento<\/div><\/article><\/div><div class=\"mec-calendar-events-sec\" id=\"mec-calendar-events-sec-22203-20260421\" data-mec-cell=\"20260421\"><h6 class=\"mec-table-side-title\">Events for <span class=\"mec-color mec-table-side-day\"> 21st<\/span> Aprile<\/h6><article class=\"mec-event-article\"><div class=\"mec-event-detail\">Nessun evento<\/div><\/article><\/div><div class=\"mec-calendar-events-sec\" id=\"mec-calendar-events-sec-22203-20260422\" data-mec-cell=\"20260422\"><h6 class=\"mec-table-side-title\">Events for <span class=\"mec-color mec-table-side-day\"> 22nd<\/span> Aprile<\/h6><article class=\"mec-event-article\"><div class=\"mec-event-detail\">Nessun evento<\/div><\/article><\/div><div class=\"mec-calendar-events-sec\" id=\"mec-calendar-events-sec-22203-20260423\" data-mec-cell=\"20260423\"><h6 class=\"mec-table-side-title\">Events for <span class=\"mec-color mec-table-side-day\"> 23rd<\/span> Aprile<\/h6><article class=\"mec-event-article\"><div class=\"mec-event-detail\">Nessun evento<\/div><\/article><\/div><div class=\"mec-calendar-events-sec\" id=\"mec-calendar-events-sec-22203-20260424\" data-mec-cell=\"20260424\"><h6 class=\"mec-table-side-title\">Events for <span class=\"mec-color mec-table-side-day\"> 24th<\/span> Aprile<\/h6><article class=\"mec-event-article\"><div class=\"mec-event-detail\">Nessun evento<\/div><\/article><\/div><div class=\"mec-calendar-events-sec\" id=\"mec-calendar-events-sec-22203-20260425\" data-mec-cell=\"20260425\"><h6 class=\"mec-table-side-title\">Events for <span class=\"mec-color mec-table-side-day\"> 25th<\/span> Aprile<\/h6><article class=\"mec-event-article\"><div class=\"mec-event-detail\">Nessun evento<\/div><\/article><\/div><div class=\"mec-calendar-events-sec\" id=\"mec-calendar-events-sec-22203-20260426\" data-mec-cell=\"20260426\"><h6 class=\"mec-table-side-title\">Events for <span class=\"mec-color mec-table-side-day\"> 26th<\/span> Aprile<\/h6><article class=\"mec-event-article\"><div class=\"mec-event-detail\">Nessun evento<\/div><\/article><\/div><div class=\"mec-calendar-events-sec\" id=\"mec-calendar-events-sec-22203-20260427\" data-mec-cell=\"20260427\"><h6 class=\"mec-table-side-title\">Events for <span class=\"mec-color mec-table-side-day\"> 27th<\/span> Aprile<\/h6><article class=\"mec-event-article\"><div class=\"mec-event-detail\">Nessun evento<\/div><\/article><\/div><div class=\"mec-calendar-events-sec\" id=\"mec-calendar-events-sec-22203-20260428\" data-mec-cell=\"20260428\"><h6 class=\"mec-table-side-title\">Events for <span class=\"mec-color mec-table-side-day\"> 28th<\/span> Aprile<\/h6><article class=\"mec-event-article\"><div class=\"mec-event-detail\">Nessun evento<\/div><\/article><\/div><div class=\"mec-calendar-events-sec\" id=\"mec-calendar-events-sec-22203-20260429\" data-mec-cell=\"20260429\"><h6 class=\"mec-table-side-title\">Events for <span class=\"mec-color mec-table-side-day\"> 29th<\/span> Aprile<\/h6><article class=\"mec-event-article\"><div class=\"mec-event-detail\">Nessun evento<\/div><\/article><\/div><div class=\"mec-calendar-events-sec\" id=\"mec-calendar-events-sec-22203-20260430\" data-mec-cell=\"20260430\"><h6 class=\"mec-table-side-title\">Events for <span class=\"mec-color mec-table-side-day\"> 30th<\/span> Aprile<\/h6><article class=\"mec-event-article\"><div class=\"mec-event-detail\">Nessun evento<\/div><\/article><\/div><\/div><\/div><\/div><div class=\"mec-event-footer\"><\/div>    <\/div>\r\n\r\n<\/div>\n<\/div><\/div><\/div><\/div><\/section>\n","protected":false},"excerpt":{"rendered":"club del peperoncinoEventi[vc_raw_html]JTNDc2NyaXB0JTIwc3JjJTNEJTIyaHR0cHMlM0ElMkYlMkZ1bnBrZy5jb20lMkYlNDBsb3R0aWVmaWxlcyUyRmxvdHRpZS1wbGF5ZXIlNDBsYXRlc3QlMkZkaXN0JTJGbG90dGllLXBsYXllci5qcyUyMiUzRSUzQyUyRnNjcmlwdCUzRSUwQSUzQ2RpdiUyMGNsYXNzJTNEJTIybG90LWFuaW0lMjIlMjBzdHlsZSUzRCUyMnRleHQtYWxpZ24lM0FjZW50ZXIlM0IlMjIlM0UlMEElM0Nsb3R0aWUtcGxheWVyJTIwc3JjJTNEJTIyaHR0cHMlM0ElMkYlMkZhc3NldHMzLmxvdHRpZWZpbGVzLmNvbSUyRnBhY2thZ2VzJTJGbGYyMF9INkxBRTQuanNvbiUyMiUyMCUyMGJhY2tncm91bmQlM0QlMjJ0cmFuc3BhcmVudCUyMiUyMCUyMHNwZWVkJTNEJTIyMSUyMiUyMCUyMHN0eWxlJTNEJTIyd2lkdGglM0ElMjAzMDBweCUzQiUyMGhlaWdodCUzQSUyMDMwMHB4JTNCJTIyJTIwJTIwbG9vcCUyMCUyMGF1dG9wbGF5JTNFJTNDJTJGbG90dGllLXBsYXllciUzRSUwQSUzQyUyRmRpdiUzRQ==[\/vc_raw_html]Il club italiano del peperoncino Capsicumannum organizza eventi dedicati a tutti gli appassionati del re degli ingredienti dal sapore piccante. Tra le attivit\u00e0 proposte ci sono serate di degustazione, concorsi di cucina a base di peperoncino, gare di resistenza a peperoncini sempre pi\u00f9 piccanti e molto altro. Le attivit\u00e0 del club offrono l'opportunit\u00e0 d i socializzare, scoprire nuove ricette e mettere alla prova il proprio palato. [vc_raw_html]JTNDYnIlM0UlM0NiciUzRQ==[\/vc_raw_html] MarzoAprile 2026Maggio LMMGVSD 3031123456789101112131415161718192021222324252627282930123 Events for 1st AprileNessun eventoEvents for 2nd AprileNessun eventoEvents for 3rd AprileNessun eventoEvents for 4th AprileNessun eventoEvents for 5th AprileNessun eventoEvents for 6th AprileNessun eventoEvents for 7th AprileNessun eventoEvents for 8th AprileNessun eventoEvents for 9th AprileNessun eventoEvents for 10th AprileNessun eventoEvents for 11th AprileNessun eventoEvents for 12th AprileNessun eventoEvents for 13th AprileNessun eventoEvents for 14th AprileNessun eventoEvents for 15th AprileNessun eventoEvents for 16th AprileNessun eventoEvents for 17th AprileNessun eventoEvents for 18th AprileNessun eventoEvents for 19th AprileNessun eventoEvents for 20th AprileNessun eventoEvents for 21st AprileNessun eventoEvents for 22nd AprileNessun eventoEvents for 23rd AprileNessun eventoEvents for 24th AprileNessun eventoEvents for 25th AprileNessun eventoEvents for 26th AprileNessun eventoEvents for 27th AprileNessun eventoEvents for 28th AprileNessun eventoEvents for 29th AprileNessun eventoEvents for 30th AprileNessun evento","protected":false},"author":1,"featured_media":0,"parent":0,"menu_order":0,"comment_status":"closed","ping_status":"closed","template":"","meta":[],"_links":{"self":[{"href":"https:\/\/www.capsicumclubannum.com\/public\/wp-json\/wp\/v2\/pages\/22204"}],"collection":[{"href":"https:\/\/www.capsicumclubannum.com\/public\/wp-json\/wp\/v2\/pages"}],"about":[{"href":"https:\/\/www.capsicumclubannum.com\/public\/wp-json\/wp\/v2\/types\/page"}],"author":[{"embeddable":true,"href":"https:\/\/www.capsicumclubannum.com\/public\/wp-json\/wp\/v2\/users\/1"}],"replies":[{"embeddable":true,"href":"https:\/\/www.capsicumclubannum.com\/public\/wp-json\/wp\/v2\/comments?post=22204"}],"version-history":[{"count":11,"href":"https:\/\/www.capsicumclubannum.com\/public\/wp-json\/wp\/v2\/pages\/22204\/revisions"}],"predecessor-version":[{"id":22789,"href":"https:\/\/www.capsicumclubannum.com\/public\/wp-json\/wp\/v2\/pages\/22204\/revisions\/22789"}],"wp:attachment":[{"href":"https:\/\/www.capsicumclubannum.com\/public\/wp-json\/wp\/v2\/media?parent=22204"}],"curies":[{"name":"wp","href":"https:\/\/api.w.org\/{rel}","templated":true}]}}